f y and 6?
3
Suppose -4*r + 6 + 2 = 0. Let b be (-250)/(1 - 3/r). Suppose 6*v - b = v. What is the highest common factor of v and 25?
25
Suppose -1 = -w + 1. Suppose k + 69 = -w*k. Let o = k - -29. Calculate the highest common divisor of 18 and o.
6
Suppose 3*a + 32 = 5*a. Suppose 2*l = -0*l - 2, 5*u + 4*l = a. Suppose -2*f + u*f + 9 = c, -4*c + 101 = 5*f. What is the highest common factor of 171 and c?
19
Let z be (-6)/9 + (145/15 - 1). Calculate the greatest common divisor of 320 and z.
8
Suppose i - 3*i + 8 = 0. Suppose -6 - 6 = -i*r. Let a(u) = -u**3 + 20*u**2 - 20*u + 21. Let j be a(19). Calculate the highest common divisor of j and r.
1
Let h(c) = 12*c**2 + 36*c + 39. Let b be h(-16). Calculate the highest common factor of 15 and b.
15
Suppose -120 = -17*n + 186. Calculate the greatest common divisor of 882 and n.
18
Let i(h) = h**3 - 2*h**2 - h + 57. Let p be i(0). What is the greatest common factor of 95 and p?
19
Let g be (-58)/(-15) - (-2)/15. Suppose -n - g*o = -0*o, -20 = -n + o. What is the highest common divisor of n and 144?
16
Let w be (16 + -10)/(2/3). Let z = -13 + 22. What is the greatest common factor of w and z?
9
Let j be -15*(-1 - (-2)/3). Suppose j*y - 302 = -77. Let t be (30/8)/((-138)/(-184)). Calculate the highest common divisor of y and t.
5
Let h = 28 + -18. Suppose 2*d - d + 2*i = h, -4*i = 4*d - 24. Suppose d*v - 16 = -4*m, -7*m + 5*v + 20 = -2*m. What is the greatest common divisor of 20 and m?
4
Let a(c) = -71*c + 722. Let v be a(8). Suppose -11 = -5*u - 6. Let n = 23 - u. Calculate the highest common factor of n and v.
22
Let o(w) = -36*w - 385. Let z be o(-11). Suppose 2*l = -3*l + 220. What is the greatest common factor of z and l?
11
Let j = 1500 - 1483. Calculate the greatest common factor of j and 1411.
17
Suppose 4*z - 12 = 40. Calculate the greatest common factor of z and 2.
1
Suppose -y + 229 = 3*t, 5*t + 77 = 4*y - 856. Suppose 7*o + 4*x - y = 2*o, -200 = -4*o + 4*x. What is the highest common divisor of o and 6?
6
Let j = 32 - -29. Suppose 0*u + 4*u - 8 = 0, -4*u - 8 = -4*m. Suppose -4*b = 2*a - 23 - j, 4*b - 148 = -m*a. What is the greatest common divisor of 8 and a?
8
Let x be -2 + ((-8)/(-12) - 609/9). Let h = 88 + x. Calculate the highest common factor of 95 and h.
19
Suppose 51*p - 32*p = 969. Calculate the greatest common factor of 68 and p.
17
Let l = 45 + -43. Let s(t) = t**2 - 9*t + 11. Let w be s(8). Suppose -16 = l*b - w*b. Calculate the highest common factor of 32 and b.
16
Let c(i) = i**3 - 12*i**2 + 5*i - 12. Let x be c(11). Let t = x + 112. Calculate the greatest common factor of 34 and t.
34
Suppose -4*p - 10 = -38. Let g = -5 + p. Suppose g*x - 5 = -3*x. What is the highest common divisor of x and 9?
1
Let h = -600 + 1236. Calculate the greatest common factor of h and 53.
53
Let o be (9/27)/(0 + 3/27). Let d be -3 + (-3)/(o/(-14)). Calculate the greatest common factor of 143 and d.
11
Suppose 3*o = 2*o + 5*d + 133, 0 = 2*o - 2*d - 266. Let x(s) = -4*s - 9. Let i be x(-7). What is the greatest common divisor of o and i?
19
Suppose -8*x + 3*a + 2785 = -4*x, -x + 2*a = -690. What is the highest common factor of x and 30?
10
Suppose l + 5*n = -12, 3*l - n = 2*n + 18. Suppose l*r = -r - 4*q + 108, -r + 17 = -q. What is the greatest common divisor of r and 77?
11
Suppose -5*t + 5*p + 135 = 0, -54 + 153 = 3*t + 3*p. What is the highest common divisor of t and 255?
15
Suppose 3*p = -0*p + 15, p = 3*k - 1. Suppose 5*g + 4*a - 79 = 0, 3*a = -k*g - 2*a + 35. What is the greatest common factor of g and 20?
5
Let f be -4 + 14856/16 + 2/4. What is the highest common factor of f and 25?
25
Let k = -29 - -34. Let g be k/20 - 574/(-8). Let b be -12*(15/(-2))/5. Calculate the greatest common divisor of b and g.
18
Let u(b) = -b**2 + 6*b - 8. Let l(w) = -w. Let n(m) = -3*l(m) + u(m). Let o be n(7). Calculate the highest common factor of 54 and o.
6
Suppose 12*c = 9 + 3. Let k be -1*(-2 + 2)*c - -10. Suppose -4*h - 12 = 0, -h - 2*h = -4*l + 329. What is the greatest common factor of l and k?
10
Let o(h) = -91*h - 1. Let b(r) = -92*r. Let k be (-2 + -4)*1/(-2). Let m(j) = k*o(j) - 4*b(j). Let a be m(2). What is the greatest common factor of a and 17?
17
Let d(c) = -6*c + 51. Let t be d(-14). What is the greatest common divisor of t and 9?
9
Suppose 3*t = -4*d + 3*d - 14, -d = -3*t - 10. Let r be 5/d*992/(-40). What is the highest common factor of 31 and r?
31
Let o = -25 + 270. Calculate the highest common factor of 175 and o.
35
Let z be -2 + (-2)/(-2) - -9. Suppose 0 = -16*d + 17*d + 56. Let w = d - -64. Calculate the highest common factor of w and z.
8
Let k be -6*2/3*-18*10. What is the highest common divisor of 90 and k?
90
Suppose -2*z - 42 = -4*z. Let y be (366/7 - 3) + (-6)/21. Let b = y + -46. What is the highest common factor of z and b?
3
Let i(b) = -b**2 - 14*b - 19. Let r be i(-5). Calculate the greatest common factor of 2 and r.
2
Let w be 2398/110 + 4/(-5). Calculate the highest common factor of 7 and w.
7
Let p(c) = -1 + 0 - 5 + 41*c - 19*c**2 - c**3 + 2. Let m be p(-21). What is the highest common factor of m and 187?
17
Let g(q) = q**2 - 23*q + 17. Let d be g(23). Calculate the highest common factor of 340 and d.
17
Suppose -3*x - 33 = -2*k, 3*x + 69 = 4*k + 6. What is the greatest common divisor of 1695 and k?
15
Let t(d) = -9*d + 397. Let x be t(35). Calculate the greatest common factor of 82 and x.
82
Let t be (-2)/1*(-17)/2. Let z(w) = 18 + 12 - 80 + 27 + w + 2*w. Let o be z(t). Calculate the greatest common divisor of o and 14.
14
Let b = 35 - 32. Suppose 4*t - 82 = -3*c + c, -62 = -b*t - c. Calculate the highest common factor of t and 147.
21
Let q(c) = c**2 + 10*c + 6. Let m be q(-10). Suppose 0 = 3*i + m - 33. Let r be (i/6)/((-9)/(-240)). Calculate the greatest common divisor of 16 and r.
8
Suppose 2*j + z = -7 + 22, -z = -5*j + 27. Suppose -2*q - 2*m = -14, 2*q = -4*m + 2 + j. Calculate the highest common factor of q and 20.
10
Let k(f) = f**3 + 14*f**2 - 9*f + 6. Let g(o) = -4*o**2 + 2. Let n be g(-2). Let s be k(n). Calculate the greatest common factor of s and 12.
12
Let c(d) = -30*d - 63. Let f be c(-3). Calculate the greatest common divisor of 1 and f.
1
Let g = -1060 - -1067. Suppose -3*j = -5*x + 143, -x + 33 = -0*x - 5*j. What is the greatest common divisor of g and x?
7
Let a be 35/(-14) - -1*(-3)/(-6). Let u be a/6 + 7/(126/150). Calculate the greatest common divisor of u and 16.
8
Let q = -142 + 278. Let j be (1 + -4)/1 + -31 + 51. Calculate the highest common divisor of j and q.
17
Let c(h) = 4*h + 3. Let p(o) = o**3 - o**2 + 2. Let d be p(2). Let j be c(d). Calculate the greatest common factor of j and 108.
27
Suppose -2*a + 5 = -a. Suppose 5*t + 3*g = -0*t + 29, a*g + 24 = 2*t. What is the highest common divisor of t and 7?
7
Let g(a) = -109*a**3 - 20*a**2 - 19*a. Let w be g(-1). Calculate the greatest common factor of w and 270.
54
Suppose -6*h = 2*s + s - 5415, 5*s - 3613 = -4*h. Calculate the highest common factor of h and 82.
82
Let b be 2*(1 - -2)*3/6. Let k = 33 - b. What is the highest common factor of 150 and k?
30
Suppose -3*d + 3 = 3*j, -5*d + 18*j - 13*j + 35 = 0. Calculate the greatest common divisor of 12 and d.
4
Suppose 264 = 2*w - 72. Suppose 0 = s - 5*s + w. Calculate the highest common factor of 14 and s.
14
Suppose -5533 = -66*s + 3707. Calculate the highest common divisor of s and 16.
4
Let f(c) = -3*c + 139. Let b be f(11). What is the greatest common factor of 371 and b?
53
Let a(x) = 26*x. Let i be a(1). Let g(s) = s**2 + 4*s + 7. Let l be g(4). Calculate the greatest common factor of l and i.
13
Let i(f) = -27*f**3 + 3*f**2 - 5*f - 11. Let a be i(-3). Calculate the highest common divisor of a and 80.
40
Suppose z = -i + 68, -4*i = i - z - 352. Let t(s) = s**3 - 14*s**2 + 14. Let a be t(14). Calculate the highest common divisor of a and i.
14
Let z be (-72828)/(-77) - (-8)/44. What is the greatest common divisor of 22 and z?
22
Suppose -2*t = 2*d - 848, -2*t + 745 + 530 = 3*d. Calculate the highest common divisor of 35 and d.
7
Let q(z) = -15*z - 7. Let p be q(-5). Suppose 4*k = p + 16. Let w = -15 + k. Calculate the greatest common factor of 24 and w.
6
Suppose -29*r + 133 + 998 = 0. What is the highest common divisor of 13 and r?
13
